{"id":1650,"date":"2015-11-17T11:50:33","date_gmt":"2015-11-17T10:50:33","guid":{"rendered":"http:\/\/euzet-les-bains.fr\/?page_id=1650"},"modified":"2026-04-14T06:03:28","modified_gmt":"2026-04-14T05:03:28","slug":"culture-livres","status":"publish","type":"page","link":"http:\/\/Euzet-les-Bains.fr\/index.php\/culture-livres\/","title":{"rendered":"Biblioth\u00e8que"},"content":{"rendered":"\t\t<div data-elementor-type=\"wp-page\" data-elementor-id=\"1650\" class=\"elementor elementor-1650\">\n\t\t\t\t\t\t<section class=\"elementor-section elementor-top-section elementor-element elementor-element-d67311d elementor-section-boxed elementor-section-height-default elementor-section-height-default\" data-id=\"d67311d\" data-element_type=\"section\">\n\t\t\t\t\t\t<div class=\"elementor-container elementor-column-gap-default\">\n\t\t\t\t\t<div class=\"elementor-column elementor-col-20 elementor-top-column elementor-element elementor-element-67d7411\" data-id=\"67d7411\" data-element_type=\"column\">\n\t\t\t<div class=\"elementor-widget-wrap elementor-element-populated\">\n\t\t\t\t\t\t<div class=\"elementor-element elementor-element-6088a5c elementor-widget elementor-widget-image\" data-id=\"6088a5c\" data-element_type=\"widget\" data-widget_type=\"image.default\">\n\t\t\t\t<div class=\"elementor-widget-container\">\n\t\t\t\t\t\t\t\t\t\t\t\t\t<img fetchpriority=\"high\" decoding=\"async\" width=\"450\" height=\"800\" src=\"http:\/\/Euzet-les-Bains.fr\/wp-content\/uploads\/2020\/09\/Bibliotheque-rotated.jpg\" class=\"attachment-large size-large wp-image-9086\" alt=\"\" srcset=\"http:\/\/Euzet-les-Bains.fr\/wp-content\/uploads\/2020\/09\/Bibliotheque-rotated.jpg 450w, http:\/\/Euzet-les-Bains.fr\/wp-content\/uploads\/2020\/09\/Bibliotheque-169x300.jpg 169w\" sizes=\"(max-width: 450px) 100vw, 450px\" \/>\t\t\t\t\t\t\t\t\t\t\t\t\t<\/div>\n\t\t\t\t<\/div>\n\t\t\t\t\t<\/div>\n\t\t<\/div>\n\t\t\t\t<div class=\"elementor-column elementor-col-20 elementor-top-column elementor-element elementor-element-bb9ee61\" data-id=\"bb9ee61\" data-element_type=\"column\">\n\t\t\t<div class=\"elementor-widget-wrap\">\n\t\t\t\t\t\t\t<\/div>\n\t\t<\/div>\n\t\t\t\t<div class=\"elementor-column elementor-col-20 elementor-top-column elementor-element elementor-element-5b1da30\" data-id=\"5b1da30\" data-element_type=\"column\">\n\t\t\t<div class=\"elementor-widget-wrap elementor-element-populated\">\n\t\t\t\t\t\t<div class=\"elementor-element elementor-element-f738bab elementor-widget elementor-widget-image\" data-id=\"f738bab\" data-element_type=\"widget\" data-widget_type=\"image.default\">\n\t\t\t\t<div class=\"elementor-widget-container\">\n\t\t\t\t\t\t\t\t\t\t<figure class=\"wp-caption\">\n\t\t\t\t\t\t\t\t\t\t<img decoding=\"async\" width=\"480\" height=\"640\" src=\"http:\/\/Euzet-les-Bains.fr\/wp-content\/uploads\/2024\/01\/2024-benevoles-rotated.jpg\" class=\"attachment-large size-large wp-image-14825\" alt=\"\" srcset=\"http:\/\/Euzet-les-Bains.fr\/wp-content\/uploads\/2024\/01\/2024-benevoles-rotated.jpg 480w, http:\/\/Euzet-les-Bains.fr\/wp-content\/uploads\/2024\/01\/2024-benevoles-225x300.jpg 225w\" sizes=\"(max-width: 480px) 100vw, 480px\" \/>\t\t\t\t\t\t\t\t\t\t\t<figcaption class=\"widget-image-caption wp-caption-text\">Les b\u00e9n\u00e9voles <\/figcaption>\n\t\t\t\t\t\t\t\t\t\t<\/figure>\n\t\t\t\t\t\t\t<\/div>\n\t\t\t\t<\/div>\n\t\t\t\t\t<\/div>\n\t\t<\/div>\n\t\t\t\t<div class=\"elementor-column elementor-col-20 elementor-top-column elementor-element elementor-element-cd20565\" data-id=\"cd20565\" data-element_type=\"column\">\n\t\t\t<div class=\"elementor-widget-wrap\">\n\t\t\t\t\t\t\t<\/div>\n\t\t<\/div>\n\t\t\t\t<div class=\"elementor-column elementor-col-20 elementor-top-column elementor-element elementor-element-490aa3b\" data-id=\"490aa3b\" data-element_type=\"column\">\n\t\t\t<div class=\"elementor-widget-wrap elementor-element-populated\">\n\t\t\t\t\t\t<div class=\"elementor-element elementor-element-3a7274f elementor-widget elementor-widget-image\" data-id=\"3a7274f\" data-element_type=\"widget\" data-widget_type=\"image.default\">\n\t\t\t\t<div class=\"elementor-widget-container\">\n\t\t\t\t\t\t\t\t\t\t\t\t\t<img decoding=\"async\" width=\"450\" height=\"800\" src=\"http:\/\/Euzet-les-Bains.fr\/wp-content\/uploads\/2020\/09\/Bibliotheque-_-1-rotated.jpg\" class=\"attachment-large size-large wp-image-9087\" alt=\"\" srcset=\"http:\/\/Euzet-les-Bains.fr\/wp-content\/uploads\/2020\/09\/Bibliotheque-_-1-rotated.jpg 450w, http:\/\/Euzet-les-Bains.fr\/wp-content\/uploads\/2020\/09\/Bibliotheque-_-1-169x300.jpg 169w\" sizes=\"(max-width: 450px) 100vw, 450px\" \/>\t\t\t\t\t\t\t\t\t\t\t\t\t<\/div>\n\t\t\t\t<\/div>\n\t\t\t\t\t<\/div>\n\t\t<\/div>\n\t\t\t\t\t<\/div>\n\t\t<\/section>\n\t\t\t\t<section class=\"elementor-section elementor-top-section elementor-element elementor-element-aa30eaa elementor-section-boxed elementor-section-height-default elementor-section-height-default\" data-id=\"aa30eaa\" data-element_type=\"section\">\n\t\t\t\t\t\t<div class=\"elementor-container elementor-column-gap-default\">\n\t\t\t\t\t<div class=\"elementor-column elementor-col-33 elementor-top-column elementor-element elementor-element-e44acba\" data-id=\"e44acba\" data-element_type=\"column\">\n\t\t\t<div class=\"elementor-widget-wrap\">\n\t\t\t\t\t\t\t<\/div>\n\t\t<\/div>\n\t\t\t\t<div class=\"elementor-column elementor-col-33 elementor-top-column elementor-element elementor-element-b97b4de\" data-id=\"b97b4de\" data-element_type=\"column\">\n\t\t\t<div class=\"elementor-widget-wrap elementor-element-populated\">\n\t\t\t\t\t\t<div class=\"elementor-element elementor-element-cb0a1bc elementor-widget elementor-widget-text-editor\" data-id=\"cb0a1bc\" data-element_type=\"widget\" data-widget_type=\"text-editor.default\">\n\t\t\t\t<div class=\"elementor-widget-container\">\n\t\t\t\t\t\t\t<p style=\"text-align: center;\">Horaires d&rsquo;ouverture :<br \/>MERCREDI DE 17 A 19H<\/p><p>Contacts\u00a0<br \/>Sylvain OZIL \u2013 responsable communal de la biblioth\u00e8que<\/p><p>\u00a0\u2013 repr\u00e9sentante des \u00a0b\u00e9n\u00e9voles : Sol\u00e8ne OZIL\u00a0<\/p><p>T\u00e9l. : 06 16 15 83 73<\/p><p>Courriel :\u00a0<strong>bibliotheque.euzet@orange.fr<\/strong><\/p>\t\t\t\t\t\t<\/div>\n\t\t\t\t<\/div>\n\t\t\t\t\t<\/div>\n\t\t<\/div>\n\t\t\t\t<div class=\"elementor-column elementor-col-33 elementor-top-column elementor-element elementor-element-dc580f0\" data-id=\"dc580f0\" data-element_type=\"column\">\n\t\t\t<div class=\"elementor-widget-wrap\">\n\t\t\t\t\t\t\t<\/div>\n\t\t<\/div>\n\t\t\t\t\t<\/div>\n\t\t<\/section>\n\t\t\t\t<section class=\"elementor-section elementor-top-section elementor-element elementor-element-f7665b5 elementor-section-boxed elementor-section-height-default elementor-section-height-default\" data-id=\"f7665b5\" data-element_type=\"section\">\n\t\t\t\t\t\t<div class=\"elementor-container elementor-column-gap-default\">\n\t\t\t\t\t<div class=\"elementor-column elementor-col-33 elementor-top-column elementor-element elementor-element-4bfa241\" data-id=\"4bfa241\" data-element_type=\"column\">\n\t\t\t<div class=\"elementor-widget-wrap elementor-element-populated\">\n\t\t\t\t\t\t\t<\/div>\n\t\t<\/div>\n\t\t\t\t<div class=\"elementor-column elementor-col-33 elementor-top-column elementor-element elementor-element-001f525\" data-id=\"001f525\" data-element_type=\"column\">\n\t\t\t<div class=\"elementor-widget-wrap\">\n\t\t\t\t\t\t\t<\/div>\n\t\t<\/div>\n\t\t\t\t<div class=\"elementor-column elementor-col-33 elementor-top-column elementor-element elementor-element-e612e76\" data-id=\"e612e76\" data-element_type=\"column\">\n\t\t\t<div class=\"elementor-widget-wrap\">\n\t\t\t\t\t\t\t<\/div>\n\t\t<\/div>\n\t\t\t\t\t<\/div>\n\t\t<\/section>\n\t\t\t\t<section class=\"elementor-section elementor-top-section elementor-element elementor-element-c6d5ae9 elementor-section-boxed elementor-section-height-default elementor-section-height-default\" data-id=\"c6d5ae9\" data-element_type=\"section\">\n\t\t\t\t\t\t<div class=\"elementor-container elementor-column-gap-default\">\n\t\t\t\t\t<div class=\"elementor-column elementor-col-100 elementor-top-column elementor-element elementor-element-5b66f07\" data-id=\"5b66f07\" data-element_type=\"column\">\n\t\t\t<div class=\"elementor-widget-wrap elementor-element-populated\">\n\t\t\t\t\t\t<div class=\"elementor-element elementor-element-c4cfd49 elementor-widget elementor-widget-image\" data-id=\"c4cfd49\" data-element_type=\"widget\" data-widget_type=\"image.default\">\n\t\t\t\t<div class=\"elementor-widget-container\">\n\t\t\t\t\t\t\t\t\t\t\t\t\t<img decoding=\"async\" src=\"\/wp-content\/Biblioth%C3%A8que\/Amis%20des%20livres%2027042026.jpg\" title=\"\" alt=\"\" loading=\"lazy\" \/>\t\t\t\t\t\t\t\t\t\t\t\t\t<\/div>\n\t\t\t\t<\/div>\n\t\t\t\t<div class=\"elementor-element elementor-element-e1a0a84 elementor-widget elementor-widget-text-editor\" data-id=\"e1a0a84\" data-element_type=\"widget\" data-widget_type=\"text-editor.default\">\n\t\t\t\t<div class=\"elementor-widget-container\">\n\t\t\t\t\t\t\t<h2>Nous vous attendons au rez-de-chauss\u00e9e de la mairie pour :\u00a0<\/h2><div class=\"\" style=\"text-align: left;\"><ul><li>emprunter des livres, d\u00e9couvrir les nouveaut\u00e9s ou des ouvrages plus anciens<\/li><li>nous faire part de vos suggestions d&rsquo;achat et d&#8217;emprunts d&rsquo;ouvrages<\/li><\/ul><h2 class=\"Normal tm6\" style=\"text-align: center;\"><span class=\"tm8\">Vous pouvez toujours passer commande soit par : <\/span><\/h2><ul><li>mail : <u><a href=\"mailto:bibliotheque.euzet@orange.fr\"><span class=\"tm8\">bibliotheque.euzet@orange.fr<\/span><\/a><\/u><\/li><li>t\u00e9l\u00e9phone : 06.63.38.15.68 et venir retirer vos livres les jours de permanence<\/li><li><span class=\"tm8\">Les livres restitu\u00e9s\u00a0 seront toujours mis en quarantaine<\/span><\/li><\/ul><h2 class=\"Normal tm5\" style=\"text-align: center;\"><span class=\"tm6\">Nous recherchons de nouveaux b\u00e9n\u00e9voles pour :<\/span><\/h2><ul><li class=\"Normal tm5\"><span class=\"tm6\">compl\u00e9ter notre \u00e9quipe <\/span><\/li><li class=\"Normal tm5\"><span class=\"tm6\">faciliter la gestion des permanences<\/span><\/li><\/ul><p class=\"Normal tm5\" style=\"text-align: center;\">Si vous aimez la lecture et souhaitez communiquer votre passion, venez nous rejoindre.\u00a0<span style=\"font-size: 16px;\"><br \/>Toujours dans le respect des gestes barri\u00e8res et de la r\u00e8glementation sanitaire en vigueur<\/span><\/p><\/div>\t\t\t\t\t\t<\/div>\n\t\t\t\t<\/div>\n\t\t\t\t<div class=\"elementor-element elementor-element-834a948 elementor-widget elementor-widget-text-editor\" data-id=\"834a948\" data-element_type=\"widget\" data-widget_type=\"text-editor.default\">\n\t\t\t\t<div class=\"elementor-widget-container\">\n\t\t\t\t\t\t\t<h1 class=\"Normal tm5\" style=\"text-align: center;\"><span class=\"tm6\">Les listes des livres sont \u00e0 votre disposition sous format num\u00e9rique ou en format papier<\/span><\/h1>\t\t\t\t\t\t<\/div>\n\t\t\t\t<\/div>\n\t\t\t\t\t<\/div>\n\t\t<\/div>\n\t\t\t\t\t<\/div>\n\t\t<\/section>\n\t\t\t\t<section class=\"elementor-section elementor-top-section elementor-element elementor-element-022214a elementor-section-boxed elementor-section-height-default elementor-section-height-default\" data-id=\"022214a\" data-element_type=\"section\">\n\t\t\t\t\t\t<div class=\"elementor-container elementor-column-gap-default\">\n\t\t\t\t\t<div class=\"elementor-column elementor-col-25 elementor-top-column elementor-element elementor-element-644ec15\" data-id=\"644ec15\" data-element_type=\"column\">\n\t\t\t<div class=\"elementor-widget-wrap elementor-element-populated\">\n\t\t\t\t\t\t<div class=\"elementor-element elementor-element-6145c09 elementor-widget elementor-widget-image\" data-id=\"6145c09\" data-element_type=\"widget\" data-widget_type=\"image.default\">\n\t\t\t\t<div class=\"elementor-widget-container\">\n\t\t\t\t\t\t\t\t\t\t\t\t\t\t<a href=\"\/wp-content\/Biblioth%C3%A8que\/Achat%20%20jeunesse%20-%202023.pdf\" target=\"_blank\">\n\t\t\t\t\t\t\t<img loading=\"lazy\" decoding=\"async\" width=\"300\" height=\"194\" src=\"http:\/\/Euzet-les-Bains.fr\/wp-content\/uploads\/2023\/06\/Achat-jeunesse-2023-300x194.jpg\" class=\"attachment-medium size-medium wp-image-14069\" alt=\"\" srcset=\"http:\/\/Euzet-les-Bains.fr\/wp-content\/uploads\/2023\/06\/Achat-jeunesse-2023-300x194.jpg 300w, http:\/\/Euzet-les-Bains.fr\/wp-content\/uploads\/2023\/06\/Achat-jeunesse-2023.jpg 590w\" sizes=\"(max-width: 300px) 100vw, 300px\" \/>\t\t\t\t\t\t\t\t<\/a>\n\t\t\t\t\t\t\t\t\t\t\t\t\t<\/div>\n\t\t\t\t<\/div>\n\t\t\t\t\t<\/div>\n\t\t<\/div>\n\t\t\t\t<div class=\"elementor-column elementor-col-25 elementor-top-column elementor-element elementor-element-af53f99\" data-id=\"af53f99\" data-element_type=\"column\">\n\t\t\t<div class=\"elementor-widget-wrap elementor-element-populated\">\n\t\t\t\t\t\t<div class=\"elementor-element elementor-element-6eedd4e elementor-widget elementor-widget-image\" data-id=\"6eedd4e\" data-element_type=\"widget\" data-widget_type=\"image.default\">\n\t\t\t\t<div class=\"elementor-widget-container\">\n\t\t\t\t\t\t\t\t\t\t\t\t\t\t<a href=\"\/wp-content\/Biblioth%C3%A8que\/Achat%20Adultes%20-%202023.pdf\" target=\"_blank\">\n\t\t\t\t\t\t\t<img loading=\"lazy\" decoding=\"async\" width=\"606\" height=\"386\" src=\"http:\/\/Euzet-les-Bains.fr\/wp-content\/uploads\/2023\/06\/Adultes-2023.jpg\" class=\"attachment-large size-large wp-image-14073\" alt=\"\" srcset=\"http:\/\/Euzet-les-Bains.fr\/wp-content\/uploads\/2023\/06\/Adultes-2023.jpg 606w, http:\/\/Euzet-les-Bains.fr\/wp-content\/uploads\/2023\/06\/Adultes-2023-300x191.jpg 300w, http:\/\/Euzet-les-Bains.fr\/wp-content\/uploads\/2023\/06\/Adultes-2023-600x382.jpg 600w\" sizes=\"(max-width: 606px) 100vw, 606px\" \/>\t\t\t\t\t\t\t\t<\/a>\n\t\t\t\t\t\t\t\t\t\t\t\t\t<\/div>\n\t\t\t\t<\/div>\n\t\t\t\t\t<\/div>\n\t\t<\/div>\n\t\t\t\t<div class=\"elementor-column elementor-col-25 elementor-top-column elementor-element elementor-element-34ab07f\" data-id=\"34ab07f\" data-element_type=\"column\">\n\t\t\t<div class=\"elementor-widget-wrap elementor-element-populated\">\n\t\t\t\t\t\t<div class=\"elementor-element elementor-element-3d06b72 elementor-widget elementor-widget-image\" data-id=\"3d06b72\" data-element_type=\"widget\" data-widget_type=\"image.default\">\n\t\t\t\t<div class=\"elementor-widget-container\">\n\t\t\t\t\t\t\t\t\t\t\t\t\t\t<a href=\"\/wp-content\/Biblioth%C3%A8que\/DLL%20jeunesse%20-%202022.pdf\" target=\"_blank\">\n\t\t\t\t\t\t\t<img loading=\"lazy\" decoding=\"async\" width=\"345\" height=\"218\" src=\"http:\/\/Euzet-les-Bains.fr\/wp-content\/uploads\/2022\/12\/Jeunes-DLL-2022.jpg\" class=\"attachment-large size-large wp-image-13077\" alt=\"\" srcset=\"http:\/\/Euzet-les-Bains.fr\/wp-content\/uploads\/2022\/12\/Jeunes-DLL-2022.jpg 345w, http:\/\/Euzet-les-Bains.fr\/wp-content\/uploads\/2022\/12\/Jeunes-DLL-2022-300x190.jpg 300w\" sizes=\"(max-width: 345px) 100vw, 345px\" \/>\t\t\t\t\t\t\t\t<\/a>\n\t\t\t\t\t\t\t\t\t\t\t\t\t<\/div>\n\t\t\t\t<\/div>\n\t\t\t\t\t<\/div>\n\t\t<\/div>\n\t\t\t\t<div class=\"elementor-column elementor-col-25 elementor-top-column elementor-element elementor-element-4b8a31a\" data-id=\"4b8a31a\" data-element_type=\"column\">\n\t\t\t<div class=\"elementor-widget-wrap elementor-element-populated\">\n\t\t\t\t\t\t<div class=\"elementor-element elementor-element-aaec8dd elementor-widget elementor-widget-image\" data-id=\"aaec8dd\" data-element_type=\"widget\" data-widget_type=\"image.default\">\n\t\t\t\t<div class=\"elementor-widget-container\">\n\t\t\t\t\t\t\t\t\t\t\t\t\t\t<a href=\"\/wp-content\/Biblioth%C3%A8que\/DLL%20Adultes%20-%202022.pdf\" target=\"_blank\">\n\t\t\t\t\t\t\t<img loading=\"lazy\" decoding=\"async\" width=\"349\" height=\"223\" src=\"http:\/\/Euzet-les-Bains.fr\/wp-content\/uploads\/2022\/12\/Adultes-DLL-2022.jpg\" class=\"attachment-large size-large wp-image-13078\" alt=\"\" srcset=\"http:\/\/Euzet-les-Bains.fr\/wp-content\/uploads\/2022\/12\/Adultes-DLL-2022.jpg 349w, http:\/\/Euzet-les-Bains.fr\/wp-content\/uploads\/2022\/12\/Adultes-DLL-2022-300x192.jpg 300w\" sizes=\"(max-width: 349px) 100vw, 349px\" \/>\t\t\t\t\t\t\t\t<\/a>\n\t\t\t\t\t\t\t\t\t\t\t\t\t<\/div>\n\t\t\t\t<\/div>\n\t\t\t\t\t<\/div>\n\t\t<\/div>\n\t\t\t\t\t<\/div>\n\t\t<\/section>\n\t\t\t\t<\/div>\n\t\t","protected":false},"excerpt":{"rendered":"<p>Les b\u00e9n\u00e9voles Horaires d&rsquo;ouverture :MERCREDI DE 17 A 19H Contacts\u00a0Sylvain OZIL \u2013 responsable communal de la biblioth\u00e8que \u00a0\u2013 repr\u00e9sentante des \u00a0b\u00e9n\u00e9voles : Sol\u00e8ne OZIL\u00a0 T\u00e9l. : 06 16 15 83 73 Courriel :\u00a0bibliotheque.euzet@orange.fr Nous vous attendons au rez-de-chauss\u00e9e de la mairie pour :\u00a0 emprunter des livres, d\u00e9couvrir les nouveaut\u00e9s ou des ouvrages plus anciens nous [&hellip;]<\/p>\n","protected":false},"author":2,"featured_media":0,"parent":0,"menu_order":0,"comment_status":"closed","ping_status":"closed","template":"elementor_header_footer","meta":{"_monsterinsights_skip_tracking":false,"_monsterinsights_sitenote_active":false,"_monsterinsights_sitenote_note":"","_monsterinsights_sitenote_category":0,"ocean_post_layout":"","ocean_both_sidebars_style":"","ocean_both_sidebars_content_width":0,"ocean_both_sidebars_sidebars_width":0,"ocean_sidebar":"","ocean_second_sidebar":"","ocean_disable_margins":"enable","ocean_add_body_class":"","ocean_shortcode_before_top_bar":"","ocean_shortcode_after_top_bar":"","ocean_shortcode_before_header":"","ocean_shortcode_after_header":"","ocean_has_shortcode":"","ocean_shortcode_after_title":"","ocean_shortcode_before_footer_widgets":"","ocean_shortcode_after_footer_widgets":"","ocean_shortcode_before_footer_bottom":"","ocean_shortcode_after_footer_bottom":"","ocean_display_top_bar":"default","ocean_display_header":"default","ocean_header_style":"","ocean_center_header_left_menu":"","ocean_custom_header_template":"","ocean_custom_logo":0,"ocean_custom_retina_logo":0,"ocean_custom_logo_max_width":0,"ocean_custom_logo_tablet_max_width":0,"ocean_custom_logo_mobile_max_width":0,"ocean_custom_logo_max_height":0,"ocean_custom_logo_tablet_max_height":0,"ocean_custom_logo_mobile_max_height":0,"ocean_header_custom_menu":"","ocean_menu_typo_font_family":"","ocean_menu_typo_font_subset":"","ocean_menu_typo_font_size":0,"ocean_menu_typo_font_size_tablet":0,"ocean_menu_typo_font_size_mobile":0,"ocean_menu_typo_font_size_unit":"px","ocean_menu_typo_font_weight":"","ocean_menu_typo_font_weight_tablet":"","ocean_menu_typo_font_weight_mobile":"","ocean_menu_typo_transform":"","ocean_menu_typo_transform_tablet":"","ocean_menu_typo_transform_mobile":"","ocean_menu_typo_line_height":0,"ocean_menu_typo_line_height_tablet":0,"ocean_menu_typo_line_height_mobile":0,"ocean_menu_typo_line_height_unit":"","ocean_menu_typo_spacing":0,"ocean_menu_typo_spacing_tablet":0,"ocean_menu_typo_spacing_mobile":0,"ocean_menu_typo_spacing_unit":"","ocean_menu_link_color":"","ocean_menu_link_color_hover":"","ocean_menu_link_color_active":"","ocean_menu_link_background":"","ocean_menu_link_hover_background":"","ocean_menu_link_active_background":"","ocean_menu_social_links_bg":"","ocean_menu_social_hover_links_bg":"","ocean_menu_social_links_color":"","ocean_menu_social_hover_links_color":"","ocean_disable_title":"default","ocean_disable_heading":"default","ocean_post_title":"","ocean_post_subheading":"","ocean_post_title_style":"","ocean_post_title_background_color":"","ocean_post_title_background":0,"ocean_post_title_bg_image_position":"","ocean_post_title_bg_image_attachment":"","ocean_post_title_bg_image_repeat":"","ocean_post_title_bg_image_size":"","ocean_post_title_height":0,"ocean_post_title_bg_overlay":0.5,"ocean_post_title_bg_overlay_color":"","ocean_disable_breadcrumbs":"default","ocean_breadcrumbs_color":"","ocean_breadcrumbs_separator_color":"","ocean_breadcrumbs_links_color":"","ocean_breadcrumbs_links_hover_color":"","ocean_display_footer_widgets":"default","ocean_display_footer_bottom":"default","ocean_custom_footer_template":"","_mc_calendar":[]},"_links":{"self":[{"href":"http:\/\/Euzet-les-Bains.fr\/index.php\/wp-json\/wp\/v2\/pages\/1650"}],"collection":[{"href":"http:\/\/Euzet-les-Bains.fr\/index.php\/wp-json\/wp\/v2\/pages"}],"about":[{"href":"http:\/\/Euzet-les-Bains.fr\/index.php\/wp-json\/wp\/v2\/types\/page"}],"author":[{"embeddable":true,"href":"http:\/\/Euzet-les-Bains.fr\/index.php\/wp-json\/wp\/v2\/users\/2"}],"replies":[{"embeddable":true,"href":"http:\/\/Euzet-les-Bains.fr\/index.php\/wp-json\/wp\/v2\/comments?post=1650"}],"version-history":[{"count":135,"href":"http:\/\/Euzet-les-Bains.fr\/index.php\/wp-json\/wp\/v2\/pages\/1650\/revisions"}],"predecessor-version":[{"id":17595,"href":"http:\/\/Euzet-les-Bains.fr\/index.php\/wp-json\/wp\/v2\/pages\/1650\/revisions\/17595"}],"wp:attachment":[{"href":"http:\/\/Euzet-les-Bains.fr\/index.php\/wp-json\/wp\/v2\/media?parent=1650"}],"curies":[{"name":"wp","href":"https:\/\/api.w.org\/{rel}","templated":true}]}}